*f - 5. Suppose j - 4 = -0*j. What is y(j)?
-5
Suppose -3*d = o - 4*o, 0 = -5*o - 3*d + 32. Let x be (1 - 1 - 0)*-1. Let t(y) = 1 - 5 + y + x*y. What is t(o)?
0
Let g(h) = h**3 + 5*h**2 + h - 2. Let b(y) = -y**2 - y. Let u = -5 - -4. Let x(l) = u*g(l) - 3*b(l). Give x(2).
-10
Suppose -3*d + 13 = 4. Let f(a) be the first derivative of -3/2*a**2 + a + 2 + 2/3*a**d. Give f(2).
3
Let q(p) = -5*p - 1. Let a be (-14)/21 + 28/6. Suppose -a = u - 2*u, -3*t + u = 7. Determine q(t).
4
Let x(m) = -m**3 + 5*m**2 + 7*m - 4. Suppose -11*w - 26 = -92. Calculate x(w).
2
Let c(o) be the third derivative of 0 - 1/12*o**5 + 0*o + 2/3*o**3 + 0*o**4 - 2*o**2 - 1/120*o**6. Calculate c(-5).
4
Let u = -28 - -33. Let d(q) = -q**3 + 4*q**2 + 7*q - 4. Give d(u).
6
Let l(d) = d**2 - 7*d + 2. Suppose -2*u = 3*u. Let h be 3 - (u - (-3)/(-1)). Give l(h).
-4
Let w(c) = c**2 + c - 4. Let d(t) = t + 12. Let j be d(-8). Determine w(j).
16
Suppose h - 10 = -4*j + 6, j - 19 = -4*h. Let d be (10/h)/((-4)/(-8)). Let b(l) = 3*l - d + 0*l - 4*l + 2*l. Give b(0).
-5
Let g(u) be the first derivative of u**4/4 + u**3/3 + u**2/2 + 5*u + 9. Suppose -3*s = s, 3*j - 3*s = 0. Suppose j = 2*z - z. Give g(z).
5
Let n = 0 - -2. Let c(d) = 0 - n + 2 + 1 - d. What is c(6)?
-5
Let j = -6 - -8. Let k(t) = 4*t - 3. What is k(j)?
5
Suppose l = -4*l - 20. Let n(g) = -5*g - 3. Let y(b) = 4*b + 1. Let z(k) = -n(k) - 2*y(k). Determine z(l).
13
Let o be -1 - 2 - 9/3. Let i be 3/2*(0 - -2). Let y(z) = -3*z**2 - 4*z + 7. Let c(s) = 4*s**2 + 4*s - 8. Let m(u) = i*y(u) + 2*c(u). What is m(o)?
-7
Suppose 0 = -2*c - 3*c + 20. Let s(r) = -c*r - 5 + 2*r + 0*r. Suppose -5*u + 6*u = o + 9, 0 = -3*o - u - 11. Calculate s(o).
5
Let q(k) = k**2 + 8*k + 5. Let u be q(-8). Suppose -u*y = -3*v + 28 - 5, -4*y + 3*v = 19. Let c(m) = -m**2 - 3*m - 1. Determine c(y).
-5
Let w = -2 - 2. Let l be (0 - 2) + 1 + w. Let m(c) = 6*c + 0*c**2 + 2 + 0*c**2 + c**2. Give m(l).
-3
Suppose -3*a + f - 10 = 3*f, 5*f - 21 = 4*a. Let j(v) = -2*v**3 - 6*v**2 - 6*v - 3. Let y(b) = -b**3 - b + 1. Let s(t) = j(t) - y(t). Calculate s(a).
-16
Let w(m) = -m**3 + m + 23. Let p(u) = 2*u + 4. Let d be p(-2). Determine w(d).
23
Let y(a) = 5*a. Let w(m) = -m**3 - 7*m**2 - 6*m - 1. Suppose 5*r = 2 - 32. Let k be w(r). Give y(k).
-5
Let b = -2 + 5. Suppose 0*z = -b*z + 9. Let c(k) = -3*k + 5*k**z + 0 + k + 1. Determine c(1).
4
Let n(i) be the second derivative of i**6/180 - i**5/60 - i**4/24 - i**3/3 + 3*i. Let a(p) be the second derivative of n(p). Give a(-1).
3
Let p(q) = -5*q - 13. Let x(j) = -2*j - 7. Let k(n) = -6*p(n) + 11*x(n). Suppose 0*g + 4*d = -4*g - 20, 2*d - 14 = 4*g. Let t = g + 3. Give k(t).
-7
Let n(h) = -17*h - 1. Let v = -26 - -25. Calculate n(v).
16
Let w = -11 + 7. Let i(v) = 3*v**2 + 23*v + 7. Let q(m) = -2*m**2 - 15*m - 5. Let c(o) = -5*i(o) - 8*q(o). Calculate c(w).
1
Let w(p) = p**2 - 6*p - 10. Let v be w(8). Let k(h) = -h**3 + h + 0*h**3 + v + 0*h - 5*h**2. Calculate k(-5).
1
Let b(p) = p + 8. Let m = 180 - 190. Calculate b(m).
-2
Let m(i) be the first derivative of i**4/4 + i**3/3 + i**2 - 24. Calculate m(-2).
-8
Let u(f) = 23*f**2 + 32*f - 41. Let s(v) = -5*v**2 - 8*v + 10. Let x(n) = -9*s(n) - 2*u(n). Let h = -16 - -26. Let w = -4 + h. Determine x(w).
4
Let h(d) be the first derivative of -d**5/20 - d**4/24 + 2*d**3/3 - 4. Let n(f) be the third derivative of h(f). Let o = -3 - -4. What is n(o)?
-7
Let i(k) = -k - 3. Let m be i(-7). Let n be ((-1)/3)/((-3)/27). Let h(g) = -6*g**2 + 3*g**2 + 3*g**2 + m*g**n. Determine h(1).
4
Suppose 7*p + 5*p = -60. Let k(o) be the first derivative of -o**2 - 5*o + 1. What is k(p)?
5
Let k(h) = h**3 + 6*h**2 - h - 1. Let z(x) = -x**2. Let n(y) = k(y) + 6*z(y). Let m be (-1 - -4) + -1 + -4. Let j be (0 - m)*1/(-2). Determine n(j).
-1
Suppose 0*d - 1 = -d. Suppose d = u - 0. Let k(y) = -8*y. Calculate k(u).
-8
Let u(i) = -i**2 - i. Let m be u(0). Let l(z) = z - 3. What is l(m)?
-3
Let r = -28 - -28. Suppose r = -p + 5*p + 20, 2 = 2*j + 2*p. Let t(q) = -q**2 + 7*q - 7. Calculate t(j).
-1
Let c(s) = s**3 - s**2 + 6. Let w = -3 - -8. Suppose -2*o = -w*i - 4, -2*o - 3*o + 10 = 4*i. Determine c(i).
6
Let p(y) = 2*y**3 - 7*y**2 + 6*y + 9. Let v(i) = i**3 - i**2 + 1. Let u(t) = p(t) - 3*v(t). What is u(-5)?
1
Suppose -3*f = 3 + 6. Let p(a) = a**3 + 2*a**2 - 4*a + 1. Give p(f).
4
Let p(o) = o**3 - 2*o**2 - 3*o + 4. Let x(v) = -3*v - 4*v**3 + 6*v + 1 - v**2 - 2*v. Let j(f) = f**2 + 10*f + 8. Let h be j(-9). Let n be x(h). Calculate p(n).
4
Let c(f) = f**3 - 6*f**2 + 5*f + 2. Let g be 2/7 + 4/(-14). Suppose 6*y - 2*x = 3*y + 49, g = 2*y + x - 28. Let n be ((-50)/y)/(4/(-6)). Calculate c(n).
2
Let x(s) = s**2 - 7*s - 3. Let l be x(6). Let p = -6 - l. Let w(o) be the first derivative of 2*o**2 - 3*o - 5. Give w(p).
9
Let a(t) be the second derivative of -t**4/6 - t**3/3 + 2*t**2 + 39*t. Calculate a(-3).
-8
Let v be 0/(-2 + (0 - 0)). Suppose 0 = 3*d - 9, 2*d - 2 = 4*z - v. Let j(o) be the first derivative of -o**4 + 2*o**3/3 - o**2/2 - 2. Give j(z).
-3
Let b(s) be the third derivative of -s**4/24 - 4*s**3/3 - 5*s**2. Calculate b(-9).
1
Suppose 3*v = -2*i - 1 + 2, -5*v - 11 = -3*i. Let m(j) = 0*j + 1 + j - 3*j**2 + 0*j. Determine m(i).
-9
Let q(t) be the second derivative of -t**4/12 + 2*t**3/3 - t**2/2 - 2*t. Determine q(6).
-13
Suppose -2*l + 5*s + 4 = 0, 0 = -l + s - 3 + 5. Let i(c) = c**3 + 2. What is i(l)?
10
Let j(d) = -2 - 155*d**3 - 5*d**2 - 3 + 7*d + 1 + 156*d**3. Determine j(4).
8
Let n(p) = 2*p + 1. Suppose -7 = -y - 4*l, -2*y + 5*l - 2 + 3 = 0. Let b be ((-4)/y)/((-6)/9). Give n(b).
5
Let v(p) = 2*p - 2. Let k be v(0). Suppose -1 = -d + 2. Let g(x) = -1 + 3*x**2 + x**d - x**3 + 2*x**3. Calculate g(k).
-5
Suppose 4 = 3*p - 14. Let v(z) = z - p*z + 2*z + 2. Calculate v(-5).
17
Let p(h) = -h. Let z(i) = -4*i - 3. Let l(m) = -5*p(m) + z(m). Determine l(7).
4
Suppose 196 = 5*r + 4*i, -3*i = -r + 21 + 3. Let a be 20/9 - 8/r. Let m(g) = -5*g**2 + 2*g**2 - 3 - 3 + 3 + g**3 + 3*g. Determine m(a).
-1
Let c(h) = -h**3 - 3*h**2 - 4. Let w be (1/1 + 0)*0. Let a be (-1)/(-4) + (-59)/(-4). Suppose w*j = -5*j - a. Determine c(j).
-4
Let a(i) be the first derivative of i**6/120 + i**5/20 - i**3/6 + 3*i**2/2 - 5. Let u(d) be the second derivative of a(d). Give u(-2).
3
Let s(p) = p. Let y be -3*(1 - 4/2). Suppose k = y*k - 48. Suppose -x - 4*b - 7 = 2, -b + k = -5*x. Determine s(x).
-5
Let x(p) = p**2 - 6. Let i = -14 - -14. What is x(i)?
-6
Let c be 2 - -2*1 - 2. Suppose -c*f - 3*f - 15 = 0. Let y(r) = -5*r**2 + 4*r - 7. Let n(i) = -9*i**2 + 8*i - 13. Let b(k) = -6*n(k) + 11*y(k). Give b(f).
4
Let y(c) = c - 7. Suppose -z + 4*h = -24, -10 + 43 = 2*z - 5*h. What is y(z)?
-3
Suppose -6 = -b + 3*x, 2 + 1 = 4*b - 5*x. Let k = 2 - b. Suppose -16 = -p + k*p. Let z(r) = -r**3 - 5*r**2 - 2*r + 2. Calculate z(p).
-6
Let b(a) = a**2 + 6*a - 12. Let x be (-1)/(-3) + 8/12. Let j(q) = 1. Let n(s) = x*b(s) + 6*j(s). Calculate n(-6).
-6
Let k(j) = j - 8. Suppose -6*v + 5*v - 2*x = -11, -4*x + 15 = v. Let y be k(v). Let s(g) = g. Give s(y).
-1
Let d(s) = -2*s**2 - 2*s - 3. Let h(m) = m**3 - 6*m**2 - 7*m - 10. Let o(q) = -7*d(q) + 2*h(q). Let u = -22 + 13. Let b = -11 - u. Give o(b).
-7
Let c(j) = -3*j + j**3 - 3*j**3 - 2*j + 4*j**2 + 7 + 3*j**3. Let f = 10 + -15. Give c(f).
7
Suppose 8 = 3*a - 5*a, -5*p + 4*a = -11. Let i be ((-5)/(-3))/(p/(-9)). Let q be (i/(-9))/(1/(-3)). Let n(m) = m - 3. Determine n(q).
2
Let j(y) = 3*y**3 - 6*y**2 - 2*y + 4. Let t = 30 + -28. Let r(z) = 3 - 25*z**2 - 8*z + 6*z**3 + 12 + 7*z**3. Let h(w) = t*r(w) - 9*j(w). Give h(4).
2
Let t(w) = 4*w - 4. Let y = -9 + 6. Let z be 9 - (1 - 2 - y). Let u = z + -4. What is t(u)?
8
Let v(k) be the third derivative of k**6/120 - k**5/10 - k**3/3 - 2*k**2. What is v(6)?
-2
Let t(x) = 2*x - 12*x**3 - 3*x - 1 + x + 2*x**2. Determine t(-1).
13
Let v = -11 - -14. Let x(l) = 5*l + 4 - 1 - 2 - v*l. Determine x(1).
3
Let o(y) = 3*y**2 - 3*y. Suppose -1 = 4*r - 17, 5*c + 4*r + 9 = 0. Let i(g) = -7*g**2 + 7*g + 1. Let v(a) = c*o(a) - 2*i(a). What is v(0)?
-2
Let c(b) = -b**3 - b**2 - b + 10. Suppose 6*l - 3*l = 0. What is c(l)?
10
Let r(a) = -4*a**2 + 2*a + 1. Let v(f) be the third derivative of 3*f**5/20 - f**4/8 - f**3/3 - 2*f**2. Let s(k) = 5*r(k) + 2*v(k). Calculate 